late the remainder when 46 is divided by w.
2
Suppose 3*l = -2*x + 208 + 199, -4*x + 841 = 3*l. Let s = -14 + 36. Calculate the remainder when x is divided by s.
19
Let c(d) = d + 4. Let x be c(-1). Suppose 3 = -x*a - 6. Let y = a - -15. Calculate the remainder when 22 is divided by y.
10
Suppose 5*o - 5*v = 3*o - 586, v = 0. Let k = o + 451. Let i = -59 + 91. Calculate the remainder when k is divided by i.
30
Let a = 5933 - 2818. What is the remainder when a is divided by 82?
81
Suppose 0 = -3*d - 3*b + 321, 4*d = 13*b - 15*b + 422. What is the remainder when 609 is divided by d?
89
Suppose 0 = 16*b + 34 - 18. What is the remainder when (3/(-5) + b)*3325/(-38) is divided by 25?
15
Let u(l) = l**2 + 15*l - 9. Let s be u(0). What is the remainder when 51 is divided by -1 + (18 - s/3)?
11
Suppose 2*n + 4 = -v + 7, -3*v = 15. What is the remainder when 123 is divided by 7*n/8*4?
11
Suppose 717 = -6*l + 4551. Suppose j + l - 23 = 3*i, 2*i - 389 = 5*j. Let m = i + -117. Calculate the remainder when m is divided by 23.
21
Let n(w) = 11*w**2 + 1. Let i = -85 + 84. Calculate the remainder when 33 is divided by n(i).
9
Suppose -28*x + 81 + 4619 = -3*x. What is the remainder when x is divided by 11?
1
Suppose 89*k - 70*k = 52*k - 1221. What is the remainder when 337 is divided by k?
4
Let m = -74 - -125. Let t = 16 + 186. Calculate the remainder when t is divided by m.
49
Let t be 28 + 48/(-4) + 8. Suppose t*x = 10*x + 5684. Calculate the remainder when x is divided by 37.
36
Suppose -360 = -2*r + n + 996, -r = -5*n - 678. What is the remainder when r is divided by 673?
5
What is the remainder when 55 + 9/(117/(-169)) is divided by 24?
18
Suppose w - 5*i = -w + 157, 0 = -5*w + i + 312. Calculate the remainder when 100 is divided by w.
39
Suppose 2*w + 2*b - 1332 = 0, 3*w - b - 808 = 1218. What is the remainder when w is divided by 13?
10
Suppose -3*d - 2*p + 6940 = 0, -3*d - 18*p + 13*p + 6928 = 0. What is the remainder when d is divided by 51?
21
Let z = -37 + 111. Suppose 0 = 91*o - 1084 - 94 - 1097. Calculate the remainder when z is divided by o.
24
Let w(b) = b**2 + 25*b + 30. Let p be w(-25). Suppose -7*a - 201 - p = 0. Let z = a + 64. Calculate the remainder when 153 is divided by z.
29
Suppose g - 816 = 6*u, 3*g + 8*u = 4*u + 2294. What is the remainder when 2340 is divided by g?
18
Let f = -1354 + 1761. What is the remainder when 1630 is divided by f?
2
Let a(t) = -14*t + 614. Suppose 11*u - 589 = -8*u. Calculate the remainder when u is divided by a(43).
7
Suppose -4*b = a - 335, 3*b + 5*a = 285 - 21. Let l(s) = 2*s**2 + 14*s + 2. Let v be l(-10). Let h = b - v. Calculate the remainder when 61 is divided by h.
19
Suppose -4*h + 295 = -2*l - 43, -h + 68 = 5*l. Calculate the remainder when 1986 is divided by h.
77
Suppose 725 = 10*s - 265. Suppose -p + 2 + 31 = 0. What is the remainder when s is divided by p?
0
Calculate the remainder when ((-2)/(-8))/((-176)/704) + 5200 is divided by 16.
15
Suppose 47*m - 937 - 941 - 3621 = 0. What is the remainder when m is divided by 73?
44
Let z = -2 + -9. Let b = 28 + z. Calculate the remainder when (0 + (-5)/(-3))/(2/60) is divided by b.
16
Let u(g) = -54*g - 443. Calculate the remainder when u(-13) is divided by 34.
21
Let p(k) = 5*k**3 - k**2 + 3*k + 43. Let g(z) = z**2 - z + 30. What is the remainder when g(10) is divided by p(0)?
34
Let u(v) = 99*v + 937. What is the remainder when 1226 is divided by u(-7)?
6
Suppose 0 = -j - 0*j + 6. Let p(f) = 4*f - 20. Let o be p(j). Calculate the remainder when 151/o - (-3)/(-4) is divided by 13.
11
Suppose 9*o = 14*o - 71 - 84. What is the remainder when 5485 is divided by o?
29
Let j = -77 + 79. Suppose 603 + 597 = j*i. What is the remainder when i is divided by 86?
84
Let a(r) = 48*r - 5. Let z be a(1). Let x = -15 + z. What is the remainder when 55 is divided by x?
27
Suppose -18098 = 32*a - 27446 - 44636. Calculate the remainder when a is divided by 65.
62
Let c(l) = 118*l**3 + 32*l - 33. Suppose 23 - 3 = 5*y. Suppose -y*j = 2*i + i - 92, i - 4*j = 4. What is the remainder when c(1) is divided by i?
21
Suppose 10*h - 12 - 18 = 0. What is the remainder when 15 is divided by 12 + -2 - 9/h?
1
Suppose 6*z = 5*z + 2. Suppose 270 = 4*i + z*m, 5*m + 9 = 2*i - 108. Suppose 4*k - i = 70. Calculate the remainder when k is divided by 12.
10
Let k = -906 + 1020. What is the remainder when 1249 is divided by k?
109
Suppose 0 = 7*t - 12*t + 30. Suppose 0 = -t*c + 69 + 51. Calculate the remainder when 136 is divided by c.
16
Let a = -16441 - -16966. Calculate the remainder when a is divided by 81.
39
Let q be (-20)/(-15) - (-1)/(-3) - -60. What is the remainder when q + 4 - (12 - 8) is divided by (-228)/(-14) + 4/(-14)?
13
What is the remainder when 524 is divided by 22/(1*5/15)?
62
What is the remainder when 292 is divided by (3 - 3) + 11/((-110)/(-390))?
19
Let n be 1/((-3)/225)*1. Calculate the remainder when n/(-6)*(4 - 2) is divided by 20 + 12/(-1 + -1).
11
Let q = -3786 - -3805. What is the remainder when 158 is divided by q?
6
Let n be (3 + 102/(-30))/(1/90). Let o(g) = -g**2 - 38*g - 60. Calculate the remainder when (-43)/(-2) - 1/(-2) is divided by o(n).
10
Let f(d) = -711*d - 2194. What is the remainder when f(-5) is divided by 676?
9
Suppose 0 = 289*u - 267*u - 6858 - 49154. What is the remainder when 7643 is divided by u?
5
Suppose -12 = 18*u - 12. Calculate the remainder when 178*(-2)/(-4) + u/(-24) is divided by 30.
29
Let c(g) = 8*g - 242. Let l be c(33). Let u(f) = -f + 274. Calculate the remainder when u(l) is divided by 37.
30
Suppose -1348 = -6*i - 1162. What is the remainder when 339 is divided by i?
29
Let l(g) = 2*g + 41. Let s be 9/((-90)/104) + (-6)/(-15). Let b be l(s). Suppose b = -3*q + 78. What is the remainder when q is divided by 7?
5
Let f(s) = -s**3 + 11*s**2 - 18*s + 4. Let x be f(9). Let v(r) = -5*r + 23. Calculate the remainder when 6 is divided by v(x).
0
Suppose 3*n - 868 = -8*n + 815. Calculate the remainder when 602 is divided by n.
143
Let d(s) = s**3 - 2*s**2 - 4*s - 9. Let x = -97 - -115. Suppose -r - 5*w - 10 = 2, -x = -r + w. What is the remainder when d(5) is divided by r?
7
Let z(k) = -k**3 - 5*k**2 - 3*k + 4. Let s be z(-4). Let a(v) = -v + 27. Let x be a(s). Let p = x + -11. What is the remainder when p is divided by 9?
7
Let k be 1071/(-81) + 4/18. Let u = k + 25. Suppose -u*n = n - 455. What is the remainder when 138 is divided by n?
33
Let m = -385 + 394. Suppose -7*i = 3*k - m*i - 243, -5*k + i = -398. What is the remainder when k is divided by 10?
9
Let w = -132 + 136. Suppose -3*p + 2*p = -4*l + 110, -5*l + 148 = w*p. What is the remainder when 107 is divided by l?
23
Let z = -346 + 367. Suppose 3*f = f. Suppose 74 = 2*j + 4*s, f*j - s = j - 38. What is the remainder when j is divided by z?
18
Let x = 21296 - 21288. What is the remainder when ((-12)/(-5))/(4/60) is divided by x?
4
Let y = 711 + 1379. Suppose -145*d = -135*d - y. Calculate the remainder when d is divided by 70.
69
Suppose -917 - 123 = -13*j. Calculate the remainder when ((-1)/((-36)/(-63)))/((-2)/j) is divided by 26.
18
Let z(q) = 8*q**2 + 24*q - 70. Calculate the remainder when 75 is divided by z(2).
5
Suppose 26*m + 1482 = 13*m. Let z = 203 + m. What is the remainder when 277 is divided by z?
10
Let i(p) = 49*p**2 + 66*p**2 + 2 + 2 + 4*p - 23*p**2. What is the remainder when i(-1) is divided by 31?
30
Let d(w) = -w**3 - 6*w**2 + 8*w - 14. What is the remainder when 145 is divided by d(-8)?
45
Let z(y) = -y**2 + 5*y + 46. Let x = 107 + -111. What is the remainder when ((-123)/(-6))/(x - 27/(-6)) is divided by z(8)?
19
Let z(m) = m**2 - 6*m + 5. Let b be z(1). Suppose b = -o + 4, -f + 4*o + 173 = 2*f. Let i = 73 - f. Calculate the remainder when 38 is divided by i.
8
Let j be (23 - -1)/(1/(-15)). Let h = -307 - j. Let z(m) = -m**2 - 8*m - 1. Calculate the remainder when h is divided by z(-5).
11
Suppose 3*a = -2*a - 3*v + 479, 0 = 2*v + 4. Calculate the remainder when a is divided by (((-672)/(-66))/(-4))/(5/(495/(-18))).
13
Let w = 1392 - 2646. What is the remainder when 113 is divided by ((-2)/6)/(22/w)?
18
Suppose 20*s - 396 = -2*s. What is the remainder when (-4)/s + (-955)/(-45) is divided by 13?
8
Let d = 575 - 575. Suppose 4*g + d*c = -2*c + 168,